r - 25. Let j(d) = -10*d + 48*d - 17*d - 26*d. Give j(r).
5
Let r(j) = -j**3 + 7*j**2 - 7*j + 8. Suppose 19*o = 15*o + 88. Suppose 8*d - 11*d + o = 2*y, 4*d + y = 26. What is r(d)?
2
Let h(y) = -32*y**3 + 4*y**2 + 2*y + 6. Let z be h(-3). Let q = z - 886. Let g(p) = p**2 - 12*p - 32. Calculate g(q).
-4
Let q(t) = 15*t**3 - 14*t**2 + 131*t + 43. Let a(n) = 7*n**3 - 7*n**2 + 61*n + 21. Let f(g) = -13*a(g) + 6*q(g). Give f(5).
0
Let f = -489 + 494. Let g be ((f/4)/(-5))/((-13)/312). Let k(s) = 4*s - 7. Let y(d) = -9*d + 14. Let l(o) = -5*k(o) - 2*y(o). Determine l(g).
-5
Let b(m) = 3*m**3 - 4*m**2 - 4*m - 3. Let u = 9 - 7. Let i(w) = 12*w - 4*w**3 - 3*w + 7 + u*w**3 - 5*w**3 + 9*w**2. Let z(v) = 5*b(v) + 2*i(v). Determine z(4).
23
Let j be 33 - (400/192 + (10/24)/(-5)). Let f(l) = l**3 - 33*l**2 + 66*l - 118. What is f(j)?
6
Let t(n) = -1863 - 6*n + 1855 + 2*n - n + 3*n. Let f = -205 - -201. What is t(f)?
0
Let d(p) = p**2 - 7*p - 1. Let j(v) = v + 13. Let u be j(-8). Let l(n) = n**3 + 2*n**2 - 8*n. Let q be l(u). Suppose -q = -18*o + 9. Calculate d(o).
7
Let v = -902 - -907. Suppose 2*d + 15 = v*o + 43, -3*d + 8 = o. Let z(n) = 4*n - 7. Calculate z(d).
9
Let b(a) be the third derivative of a**5/60 - 3*a**4/8 + 7*a**3/3 + 2*a**2. Let i be (-70)/6*((-2)/(-25) + 16564/(-17675)). Calculate b(i).
24
Suppose -18*f + 150 = 12*f. Let i(k) = -4 + f - k - 6. What is i(-13)?
8
Let s(v) = 13*v**3 - 2*v**2 + 1. Let o(y) = -36*y**2 + 4*y - 1. Let c be o(-4). Let t = -592 - c. What is s(t)?
12
Let w = 3 + -5. Let t(i) = 3*i - 14603*i**2 - 40*i**3 + 14603*i**2 + 4*i - 9*i + 41*i**3. Calculate t(w).
-4
Let n(r) be the second derivative of r**3/6 - 3*r**2/2 - 286*r. Let c = -16 + 22. Let v be (6/4)/(c/20). What is n(v)?
2
Let p(d) be the second derivative of -4*d**3/3 - 87*d**2/2 + 4946*d. Determine p(-8).
-23
Let y(s) = 16*s**2 - 39 - 10*s + s**2 + 2*s**2 - 18*s**2. Let w be y(-3). Let g(r) = r**2 - 9. Give g(w).
-9
Let l(g) = -7*g**2 - 4*g - 5. Let s(h) = -6*h**2 - 3*h - 4. Let q(i) = -5*l(i) + 6*s(i). Suppose -284 = -83*r + 12*r. Determine q(r).
-7
Let y = 37 + -16. Suppose y*b + 8 = 22*b. Let m(x) = -b*x**2 + 0 + 5 + 7*x**2 + 7*x. Calculate m(7).
5
Let z = -5683 + 5693. Let q(k) = -7*k + 65. What is q(z)?
-5
Let c(j) = -j + 14. Let u be c(9). Suppose -7 = u*b - 3*k + 9, 0 = -2*b + 2*k - 8. Let a(d) = -2*d**3 - d**2 - d - 1. Determine a(b).
13
Let c(g) be the third derivative of 1/120*g**6 + 1/20*g**5 + 217*g**2 - 1/2*g**4 - 5/6*g**3 + 0 + 0*g. Determine c(-5).
5
Suppose -4*k = 8, c + 2*k + 14 = -3*k. Let n(b) = 13*b - 1437 - 33*b + 1431 - b**3 + 14*b - 5*b**2. Calculate n(c).
2
Let g(p) = 3*p + 2. Suppose -9*t + 10*t = 7. Let a(u) = -t + 13*u + 3*u - 4 + u**2 - 2. Let k be a(-17). Determine g(k).
14
Let f be 1*-156*(-15)/(-45)*2/(-2). Let v(a) = 5*a - 253. What is v(f)?
7
Let w(c) = -3*c + 3. Let f = 83 + 59. Let a = f + -138. Give w(a).
-9
Let d(z) = 83*z + 92. Let b be d(12). Let g(f) = b - 358 - 360 + 2*f - 351. What is g(-13)?
-7
Let b = 540 + -540. Suppose b = 11*i + 20*i. Let o(y) = -4*y + 9 + 6*y - y. Calculate o(i).
9
Let x(a) = 26*a - 133. Suppose 40*j + 1100 = 260*j. Calculate x(j).
-3
Let f be (10 - 3060/(-216)) + (-1)/6. Let u(k) = 2*k**2 - 48*k + 47. What is u(f)?
47
Let k(s) = 2*s**3 - 3*s**2 + 3*s + 1. Let x(z) = 5*z**3 - 10*z**2 + 10*z + 4. Suppose -3*g - 4 = 2. Let i(a) = g*x(a) + 7*k(a). Let t = -27 - -28. Give i(t).
3
Let d(k) be the third derivative of k**6/120 + 2*k**5/15 - 5*k**4/12 - 5*k**3/6 - 312*k**2. Suppose 0 = 2*s - s - 13. Suppose -3*p - s - 14 = 0. Determine d(p).
4
Let w(v) = v + 6. Let i = 60 + -83. Let z be i/(-7) + (-18)/63. Let l(h) = h**2 - 8*h + 5. Let g be l(z). Determine w(g).
-4
Let s(o) be the second derivative of -o**4/6 - o**2/2 - 100*o. Let a(d) = -17*d**2 - 4*d - 9. Let w(f) = a(f) - 6*s(f). Determine w(-2).
-15
Suppose -17 = 3*f + z, 2*f + 15*z = 20*z. Let o(c) = -6*c - 9. Let s(i) = 5*i + 9. Let n(b) = -2*o(b) - 3*s(b). What is n(f)?
6
Let f(s) = 6365*s + 17784. Let o(l) = -61*l - 171. Let j(p) = -2*f(p) - 209*o(p). Give j(-9).
0
Let a be (2/4)/(2/20). Let d(k) be the second derivative of -k**4/24 + 2*k**3 - 61*k**2/2 - 36*k. Let g(r) be the first derivative of d(r). Determine g(a).
7
Let j = -22876 + 22910. Let s(m) = -m**2 + 40*m - 215. Calculate s(j).
-11
Let r = 101 + -113. Let u(n) = -2*n**3 - 39*n**2 + 3*n + 5. Let y(h) = h**3 + 21*h**2 - 2*h - 2. Let f(v) = 3*u(v) + 5*y(v). Give f(r).
17
Let b(l) = -2*l**2 - 36*l - 8. Suppose 0*h + 5*q - 290 = -3*h, -5*q - 25 = 0. Let n be (42/h)/(1/(-45)). What is b(n)?
-8
Let h be ((-11)/(-154)*15)/((-36)/(-14)). Let w(m) be the second derivative of m**2 - 6*m + 0 + 1/2*m**3 - h*m**4 + 1/20*m**5. Give w(3).
-7
Let g(o) be the second derivative of -o**5/20 - o**4/3 + 17*o**3/6 - 15*o**2 - 1897*o. What is g(-7)?
-2
Let w(y) be the third derivative of 7*y**5/60 + 5*y**4/12 + y**3/6 + 2359*y**2. Give w(3).
94
Let i(m) = 7*m**3 - 2*m**2 + 1. Suppose 4*w - 8*w = 5*k - 40, -2*k = -2*w + 2. Suppose 9*t - w - 4 = 0. Determine i(t).
6
Let n(v) = -2*v**3 + 14*v**2 + 12*v - 12. Let c(t) = -2*t**2 + 74*t - 616. Let k be c(13). Determine n(k).
-44
Let d be (1300/60)/((-45)/(-81)). Let a(w) = w**3 - 38*w**2 - 38*w - 52. Give a(d).
-13
Let v be (-12)/3 + 608/2. Let x = -200 - v. Let k be 1/4 - (x/16)/(-5). Let c(z) = -z**3 - 6*z**2 - 3. What is c(k)?
-3
Let o(w) be the third derivative of w**6/120 + w**5/10 + w**4/8 - w**3/6 + 773*w**2. Suppose -25 = 5*p - 0*p. Calculate o(p).
9
Let z = 467 + -362. Let j(h) = 48*h - z*h + 55*h + 8. What is j(4)?
0
Let v(s) be the first derivative of s**2/2 + 2*s - 753. Let w(i) = 3. Suppose 4*p = -5*k - 26, 3*p + k = -0*k - 14. Let r(j) = p*v(j) + 3*w(j). Calculate r(1).
-3
Let y(g) be the second derivative of 2*g**3/3 - 3*g**2 + 4187*g. What is y(-2)?
-14
Let v(j) = j**3 + j**2 - 9. Suppose -139*g = 16*g. Calculate v(g).
-9
Let d(j) = -10*j + 138. Let m(h) = 121*h - 1922. Let v be m(16). Determine d(v).
-2
Let c be (7 - (6 + -2))*(-7)/(-3). Let f(m) = 2*m**3 + 4*m**2 + 9*m + 36. Let v(y) = -y**3 - y**2 - 4*y - 17. Let t(q) = 4*f(q) + 9*v(q). Calculate t(c).
-9
Let j(s) = -s**3 - 8*s**2 - 3*s + 8. Let l(i) be the first derivative of i**4/4 - 2*i**3 - 5*i**2/2 + 23*i + 91. Let x be l(6). What is j(x)?
-20
Let r(c) be the second derivative of -c**7/840 + c**6/72 - c**5/120 - c**4/8 + 46*c**3/3 - c + 36. Let b(p) be the second derivative of r(p). Calculate b(5).
-8
Let h(t) = -11*t**2 + 5*t. Let q be h(1). Let i be (2/(-1))/((-4)/q). Let w(a) = -a**3 + 4*a + 3. What is w(i)?
18
Let p(b) = 5 + 4*b**2 - 5*b**2 + 13 + 16*b. Let s be p(14). Let g = s + -45. Let k(a) = a + 1. Give k(g).
2
Let w = -15 - -23. Let j(c) be the first derivative of -5*c + 4*c**2 - 65 + 1/4*c**4 - 3*c**3. What is j(w)?
-5
Let j be 2/21 - 642/(-756)*-6. Let h(m) be the first derivative of -3*m**2/2 - 10*m + 18. What is h(j)?
5
Suppose -6*x = -15 - 69. Let b(w) = w**2 - 15*w - 289 + 305 + 0*w. Determine b(x).
2
Let d(u) be the third derivative of u**6/60 - 5*u**5/12 - 11*u**4/24 - 3*u**3 - 2*u**2 + 322*u. What is d(13)?
8
Let g(d) = -d**2 - d. Let r(o) = -5*o**2 - 7*o - 23. Let q(a) = 2*a**2 + 3*a + 13. Let i(s) = -7*q(s) - 4*r(s). Let h(z) = 4*g(z) + i(z). What is h(-3)?
10
Let f(n) = -15 - 41*n + 135*n - 93*n. Calculate f(8).
-7
Let u be 5 + (3 - (-7 - -8)). Let a = -12 - -33. Let v(c) = -15 - 8*c + 58 - a - 19 + c**2. Calculate v(u).
-4
Let p be ((-30)/(-12) + -3)/((-2)/(-24)). Let q be p*8/(-144)*2*3. Let i(n) = 76*n**2 - 77*n**q - n - 3*n. What is i(-3)?
3
Let i(u) = -16*u - 5. Suppose 241*c - 56 = 667. What is i(c)?
-53
Let l(c) be the second derivative of 3*c**3/2 + 39*c**2 + 1596*c. What is l(-9)?
-3
Let k = 2 + 2. Let b(j) = 4 + 9437*j - 4738*j - 4711*j. What is b(k)?
-44
Let g(p) = -p**2 - 11*p - 5. Let f(j) = -j + 26. Let h be f(12). Suppose 7*y = -h*y - 210. What is g(y)?
5
Let y(t) be the second derivative of -3*t**2 + 1/6*t**3 - 2 + 15*t. Let w be -1 - (0 + 0 - 1). What is y(w)?
-6
Let h(w) = -7*w**2 + 14*w + 35. Let q(k) = 4*k**2 - 7*k - 19. Let r(z) = 5*h(z) + 9*q(z). What is r(-6)?
-2
Let z(w) = -9*w**2 + 15*w - 17. Let t(r) be the first derivative of -42*r + 5 - 22/3*r**3 + 19*r**2. Let v(y) = 5*t(y) - 12*z(y). Determine v(6).
-18
Let i(g) = -g**3 + 43*g**2 + 88*